 of 51817428?
1
What is the ten millions digit of 490576850?
9
What is the ten thousands digit of 283749788?
4
What is the hundreds digit of 34547853?
8
What is the hundred thousands digit of 218492008?
4
What is the millions digit of 874481758?
4
What is the millions digit of 172955078?
2
What is the hundred millions digit of 1159721984?
1
What is the units digit of 183043702?
2
What is the hundred millions digit of 641762766?
6
What is the ten thousands digit of 261499903?
9
What is the hundred millions digit of 2290681744?
2
What is the hundreds digit of 513799473?
4
What is the tens digit of 425799078?
7
What is the hundreds digit of 2422196546?
5
What is the thousands digit of 1513935756?
5
What is the millions digit of 3459151966?
9
What is the units digit of 651964024?
4
What is the thousands digit of 18825304?
5
What is the hundreds digit of 1102738754?
7
What is the tens digit of 2125760558?
5
What is the tens digit of 898572446?
4
What is the millions digit of 283855065?
3
What is the millions digit of 8116259441?
6
What is the millions digit of 37210989?
7
What is the hundreds digit of 420375608?
6
What is the ten thousands digit of 948056051?
5
What is the ten millions digit of 45236983?
4
What is the hundreds digit of 693558190?
1
What is the hundred millions digit of 180035358?
1
What is the ten thousands digit of 992038565?
3
What is the ten thousands digit of 3953382073?
8
What is the ten millions digit of 1241926053?
4
What is the tens digit of 5442745?
4
What is the ten millions digit of 103042744?
0
What is the ten thousands digit of 89927387?
2
What is the hundred millions digit of 3544677388?
5
What is the hundred thousands digit of 5142528232?
5
What is the billions digit of 1326833002?
1
What is the ten thousands digit of 134932488?
3
What is the hundred millions digit of 219334556?
2
What is the hundred thousands digit of 27071239?
0
What is the units digit of 45254704?
4
What is the millions digit of 957768890?
7
What is the hundred thousands digit of 2352714868?
7
What is the hundred thousands digit of 4188567?
1
What is the hundreds digit of 50054709?
7
What is the hundred thousands digit of 401852422?
8
What is the ten millions digit of 1146116881?
4
What is the tens digit of 784901185?
8
What is the tens digit of 271171162?
6
What is the hundred thousands digit of 638595891?
5
What is the hundreds digit of 788874093?
0
What is the hundred thousands digit of 68268094?
2
What is the millions digit of 59822155?
9
What is the ten thousands digit of 53359073?
5
What is the thousands digit of 21502016?
2
What is the ten thousands digit of 487233066?
3
What is the thousands digit of 3119887489?
7
What is the thousands digit of 19351401?
1
What is the thousands digit of 2806645427?
5
What is the tens digit of 417773484?
8
What is the hundred thousands digit of 241201649?
2
What is the ten millions digit of 1981625746?
8
What is the hundred thousands digit of 233074697?
0
What is the millions digit of 267573979?
7
What is the hundred thousands digit of 233790844?
7
What is the millions digit of 16911431?
6
What is the billions digit of 6369624498?
6
What is the ten thousands digit of 22203263?
0
What is the millions digit of 45939643?
5
What is the millions digit of 1995055191?
5
What is the ten thousands digit of 39582432?
8
What is the millions digit of 937144811?
7
What is the ten millions digit of 613165198?
1
What is the hundred thousands digit of 817260733?
2
What is the tens digit of 1019832?
3
What is the units digit of 95932972?
2
What is the hundred thousands digit of 6150468272?
4
What is the ten thousands digit of 43896993?
9
What is the ten thousands digit of 568581876?
8
What is the thousands digit of 202986166?
6
What is the billions digit of 3847094447?
3
What is the tens digit of 136080715?
1
What is the millions digit of 6092256?
6
What is the thousands digit of 90749802?
9
What is the tens digit of 283705603?
0
What is the millions digit of 227844312?
7
What is the thousands digit of 2573839531?
9
What is the millions digit of 723256733?
3
What is the ten thousands digit of 1499441834?
4
What is the hundreds digit of 44278498?
4
What is the ten millions digit of 1449069826?
4
What is the ten millions digit of 290395295?
9
What is the thousands digit of 496788446?
8
What is the hundreds digit of 4576117153?
1
What is the units digit of 27548550?
0
What is the hundred thousands digit of 298659583?
6
What is the hundreds digit of 22772820?
8
What is the units digit of 1310578180?
0
What is the hundred thousands digit of 8730637?
7
What is the tens digit of 456428068?
6
What is the thousands digit of 580800938?
0
What is the ten thousands digit of 31803143?
0
What is the hundred thousands digit of 17814807?
8
What is the hundreds digit of 93277289?
2
What is the thousands digit of 6808949426?
9
What is the hundreds digit of 335364820?
8
What is the millions digit of 445480529?
5
What is the ten millions digit of 1002082775?
0
What is the hundreds digit of 132104637?
6
What is the thousands digit of 277198005?
8
What is the ten thousands digit of 43138381?
3
What is the millions digit of 376731862?
6
What is the tens digit of 364638891?
9
What is the ten millions digit of 919774320?
1
What is the tens digit of 845233924?
2
What is the millions digit of 76326108?
6
What is the ten millions digit of 673532477?
7
What is the hundred millions digit of 538160669?
5
What is the tens digit of 73883443?
4
What is the tens digit of 952864810?
1
What is the millions digit of 2172478124?
2
What is the ten millions digit of 343134931?
4
What is the tens digit of 2980085884?
8
What is the units digit of 261583056?
6
What is the ten millions digit of 30677276?
3
What is the thousands digit of 1484716300?
6
What is the ten millions digit of 1630287031?
3
What is the ten millions digit of 51393567?
5
What is the ten thousands digit of 2384590428?
9
What is the thousands digit of 25262717?
2
What is the hundred millions digit of 151144989?
1
What is the tens digit of 198160833?
3
What is the ten millions digit of 137034087?
3
What is the millions digit of 202492917?
2
What is the tens digit of 1543737761?
6
What is the ten thousands digit of 3468497370?
9
What is the ten thousands digit of 911859855?
5
What is the hundred thousands digit of 779270297?
2
What is the billions digit of 1039327925?
1
What is the hundred millions digit of 344404099?
3
What is the hundred thousands digit of 396229682?
2
What is the thousands digit of 67284503?
4
What is the ten thousands digit of 73572216?
7
What is the tens digit of 106726930?
3
What is the units digit of 6346488133?
3
What is the thousands digit of 1799113014?
3
What is the units digit of 251529619?
9
What is the millions digit of 65928615?
5
What is the ten thousands digit of 4764843516?
4
What is the tens digit of 67868210?
1
What is the tens digit of 1039805550?
5
What is the thousands digit of 2012906087?
6
What is the billions digit of 1178295432?
1
What is the millions digit of 24920341?
4
What is the millions digit of 73581132?
3
What is the billions digit of 6155939909?
6
What is the billions digit of 3935322704?
3
What is the ten thousands digit of 2770250477?
5
What is the thousands digit of 266209718?
9
What is the tens digit of 468754009?
0
What is the hundreds digit of 4656063582?
5
What is the hundred millions digit of 166904812?
1
What is the units digit of 961642974?
4
What is the tens digit of 147383327?
2
What is the hundred millions digit of 576303051?
5
What is the hundred thousands digit of 309144826?
1
What is the ten thousands digit of 5002032834?
3
What is the thousands digit of 636513642?
3
What is the ten thousands digit of 396661597?
6
What is the ten thousands digit of 73323651?
2
What is the hundred millions digit of 4731490093?
7
What is the tens digit of 37048746?
4
What is the millions digit of 3462394722?
2
What is the hundred thousands digit of 116984621?
9
What is the millions digit of 31241888?
1
What is the thousands digit of 5149285899?
5
What is the thousands digit of 75261478?
1
What is the ten thousands digit of 131149024?
4
What is the hundred thousands digit of 4247478739?
4
What is the hundred millions digit of 2392158449?
3
What is